 16201662?
0
What is the hundred thousands digit of 820448081?
4
What is the ten thousands digit of 103593286?
9
What is the units digit of 58270453?
3
What is the hundreds digit of 132145449?
4
What is the tens digit of 2280717201?
0
What is the thousands digit of 3950462626?
2
What is the tens digit of 834416784?
8
What is the ten millions digit of 55491536?
5
What is the tens digit of 1170249812?
1
What is the units digit of 6654892334?
4
What is the millions digit of 270713497?
0
What is the hundred millions digit of 230839674?
2
What is the hundred thousands digit of 96811693?
8
What is the millions digit of 536630353?
6
What is the hundred thousands digit of 3048088502?
0
What is the millions digit of 1713041082?
3
What is the ten millions digit of 371369077?
7
What is the tens digit of 3919256?
5
What is the thousands digit of 22792033?
2
What is the units digit of 358956152?
2
What is the tens digit of 103403583?
8
What is the hundred thousands digit of 375921429?
9
What is the ten thousands digit of 1444576420?
7
What is the thousands digit of 1065168?
5
What is the units digit of 22239993?
3
What is the ten millions digit of 35808035?
3
What is the units digit of 4870081523?
3
What is the hundreds digit of 9151950?
9
What is the hundreds digit of 1126535905?
9
What is the ten millions digit of 236432081?
3
What is the hundreds digit of 3068354061?
0
What is the hundred thousands digit of 4527267200?
2
What is the hundred millions digit of 7086540393?
0
What is the hundreds digit of 291326512?
5
What is the ten thousands digit of 36551478?
5
What is the ten millions digit of 639801187?
3
What is the ten thousands digit of 335745419?
4
What is the hundred millions digit of 255530849?
2
What is the hundred thousands digit of 25076553?
0
What is the tens digit of 14686920?
2
What is the hundred thousands digit of 23660603?
6
What is the tens digit of 1161223301?
0
What is the hundred millions digit of 1257362243?
2
What is the units digit of 232882099?
9
What is the hundreds digit of 509490323?
3
What is the hundreds digit of 756081512?
5
What is the hundred millions digit of 814646307?
8
What is the millions digit of 6564699?
6
What is the tens digit of 7543027?
2
What is the tens digit of 183025605?
0
What is the millions digit of 189153501?
9
What is the billions digit of 1462035264?
1
What is the units digit of 2176270247?
7
What is the tens digit of 189833474?
7
What is the ten thousands digit of 6658277894?
7
What is the ten millions digit of 74730982?
7
What is the millions digit of 732843275?
2
What is the ten thousands digit of 280856887?
5
What is the hundreds digit of 112984795?
7
What is the ten millions digit of 101992313?
0
What is the millions digit of 280842436?
0
What is the thousands digit of 100513569?
3
What is the tens digit of 8829752068?
6
What is the hundred millions digit of 1426733803?
4
What is the millions digit of 1153954512?
3
What is the ten thousands digit of 346562571?
6
What is the hundred thousands digit of 286550609?
5
What is the millions digit of 622131288?
2
What is the tens digit of 20469162?
6
What is the units digit of 1097271704?
4
What is the hundred thousands digit of 4222879543?
8
What is the ten millions digit of 57054854?
5
What is the hundreds digit of 3935622405?
4
What is the millions digit of 144040330?
4
What is the tens digit of 751353530?
3
What is the units digit of 357000219?
9
What is the hundred millions digit of 690094971?
6
What is the millions digit of 541716500?
1
What is the millions digit of 815322347?
5
What is the ten millions digit of 48771408?
4
What is the hundred thousands digit of 31151983?
1
What is the ten millions digit of 352622380?
5
What is the ten thousands digit of 2394725865?
2
What is the millions digit of 8367037?
8
What is the thousands digit of 3782533285?
3
What is the millions digit of 258825604?
8
What is the thousands digit of 110237196?
7
What is the ten millions digit of 63351268?
6
What is the ten millions digit of 163843284?
6
What is the hundreds digit of 58586251?
2
What is the thousands digit of 60730527?
0
What is the hundred thousands digit of 316512200?
5
What is the hundreds digit of 75222099?
0
What is the ten millions digit of 450734621?
5
What is the hundreds digit of 79095562?
5
What is the ten millions digit of 2725711990?
2
What is the ten millions digit of 5441380988?
4
What is the billions digit of 2949960854?
2
What is the thousands digit of 111588301?
8
What is the hundred thousands digit of 404363938?
3
What is the tens digit of 292751439?
3
What is the ten thousands digit of 131330832?
3
What is the units digit of 96944513?
3
What is the millions digit of 903956924?
3
What is the hundreds digit of 105860644?
6
What is the ten millions digit of 191541577?
9
What is the hundred thousands digit of 949799001?
7
What is the tens digit of 122181897?
9
What is the units digit of 2673223495?
5
What is the hundred millions digit of 888741675?
8
What is the tens digit of 146220501?
0
What is the hundred millions digit of 3809859568?
8
What is the hundred millions digit of 243621196?
2
What is the ten millions digit of 125333826?
2
What is the ten thousands digit of 237869573?
6
What is the ten thousands digit of 220241990?
4
What is the hundreds digit of 127331730?
7
What is the ten thousands digit of 52468059?
6
What is the thousands digit of 88631649?
1
What is the hundreds digit of 3657718065?
0
What is the thousands digit of 2910576656?
6
What is the ten millions digit of 121371405?
2
What is the ten millions digit of 44223788?
4
What is the hundreds digit of 1044657092?
0
What is the tens digit of 1805755625?
2
What is the tens digit of 6131519051?
5
What is the units digit of 488424342?
2
What is the millions digit of 4152774424?
2
What is the ten thousands digit of 460433479?
3
What is the hundreds digit of 313109280?
2
What is the millions digit of 1158720938?
8
What is the hundreds digit of 151204889?
8
What is the tens digit of 46481655?
5
What is the thousands digit of 402709939?
9
What is the ten thousands digit of 28327797?
2
What is the tens digit of 6742907?
0
What is the hundred millions digit of 522524061?
5
What is the hundred millions digit of 388828213?
3
What is the tens digit of 1388514741?
4
What is the ten thousands digit of 2774377780?
7
What is the billions digit of 3959093765?
3
What is the ten millions digit of 51446151?
5
What is the millions digit of 1604943211?
4
What is the hundred thousands digit of 48224201?
2
What is the units digit of 308672996?
6
What is the hundred thousands digit of 597810?
5
What is the hundred thousands digit of 337412546?
4
What is the tens digit of 5174507834?
3
What is the units digit of 822372045?
5
What is the billions digit of 1600634226?
1
What is the hundreds digit of 61331823?
8
What is the ten thousands digit of 96873759?
7
What is the millions digit of 97061923?
7
What is the hundred thousands digit of 137445990?
4
What is the hundreds digit of 713852466?
4
What is the hundred millions digit of 910338519?
9
What is the millions digit of 24226925?
4
What is the hundred thousands digit of 486775117?
7
What is the thousands digit of 262248222?
8
What is the millions digit of 1940728646?
0
What is the thousands digit of 4874878?
4
What is the tens digit of 1477902656?
5
What is the thousands digit of 884088664?
8
What is the hundred thousands digit of 153221013?
2
What is the hundreds digit of 309208166?
1
What is the ten millions digit of 118217962?
1
What is the tens digit of 280531723?
2
What is the units digit of 397210023?
3
What is the billions digit of 1046690952?
1
What is the thousands digit of 33923062?
3
What is the hundreds digit of 274550005?
0
What is the hundred millions digit of 5825523442?
8
What is the tens digit of 382344054?
5
What is the units digit of 16603766?
6
What is the ten thousands digit of 297183920?
8
What is the tens digit of 2996905?
0
What is the ten millions digit of 33927037?
3
What is the ten millions digit of 515170869?
1
What is the hundred millions digit of 1110975961?
1
What is the hundred millions digit of 105300001?
1
What is the tens digit of 52796016?
1
What is the hundred thousands digit of 688452028?
4
What is the ten thou